when 18 is divided by u?
3
Let u(f) = -f**3 + 8*f**2 - f + 10. Let o be u(8). Suppose -3*t + 28 = -o*t. What is the remainder when 53 is divided by t?
25
Let v be -4 + (4 + -4 - -1). Let t be (-2)/6 + (-1)/v. Suppose 6*o - 387 - 267 = t. What is the remainder when o is divided by 28?
25
Suppose -9050 - 550 = -30*g. Calculate the remainder when g is divided by 23.
21
Let f = 89 + -48. Let a(v) = -2*v - 20. Let x be a(-11). Suppose -6*g + x*g = -84. Calculate the remainder when f is divided by g.
20
Let j(t) = 35*t + 283. What is the remainder when 42 is divided by j(-8)?
0
Suppose 5*d - d - 12 = 0. Suppose -5*j = d*s - 283, 0*s - 4*s + 364 = 4*j. Calculate the remainder when s is divided by 29.
28
Suppose 5*n + 20 = 10*n. Suppose -5*r + 5*l = -110, 0 = 2*r - r + n*l - 32. What is the remainder when 44 is divided by r?
20
Suppose 512 = 16*a - 480. What is the remainder when 235 is divided by a?
49
Suppose -9 - 27 = -4*p. Let u be 5 + 1*(-4 + 2). Suppose -4*a + 54 = -u*a - 5*x, -3*a + 4*x + 140 = 0. What is the remainder when a is divided by p?
8
Suppose -3*l = -182 + 113. Suppose -20*s = -l*s + 48. What is the remainder when 93 is divided by s?
13
Suppose -3*w + w - 4 = -5*n, 3*w - 3*n = 3. Let x(v) = -v**3 + 6*v**2 + 5*v + 7. Calculate the remainder when x(6) is divided by 2*w/15*50.
17
Suppose -40*f + 45*f = 1080. Calculate the remainder when f is divided by 73.
70
Let k be 2*2/16 - 1/4. Suppose z - 5 = -k*z - t, 0 = 2*t + 2. What is the remainder when 11 is divided by z?
5
Suppose -3 - 15 = -6*f. Suppose 10 = f*w - 56. What is the remainder when w is divided by 2/(-5) + (-128)/(-20)?
4
Let o(k) be the first derivative of k**4/4 - 4*k**3/3 - 3*k**2 - k - 5. Let a be o(5). What is the remainder when 16 is divided by (-1)/a + (-175)/(-30)?
4
Suppose 168 = 17*q - 36. What is the remainder when 26 is divided by q?
2
Let b(p) = -2*p - 5. Let j be b(-8). Suppose -7*f - 124 = -j*f. Suppose -a + f + 18 = 0. What is the remainder when a is divided by 13?
10
Let z(y) = -y**2 - 5*y + 10. Let g be z(-9). Let b = 34 + g. Calculate the remainder when 29 is divided by b.
5
Suppose -22 = -11*p - 0*p. What is the remainder when 31 is divided by 5 - (-4)/(-2)*(-3)/p?
7
Suppose -312 = -90*u + 87*u. Let p = u + -97. Calculate the remainder when 11 is divided by p.
4
Let n = -13 - -18. Let l(w) = w - 7. Let m be l(n). Let q(j) = -4*j + 1. Calculate the remainder when 17 is divided by q(m).
8
What is the remainder when 55 is divided by (-63)/(-6)*((-264)/(-18))/11?
13
Let t(h) = -2*h - 1. Let p be t(-2). Suppose p*z = 115 - 22. Suppose 2*k - 5*u = z, 3 = k - 5*u - 20. Calculate the remainder when 30 is divided by k.
6
Suppose 2*b + 147 = 975. What is the remainder when b is divided by 11?
7
Suppose 0*p + 380 = 5*p. Calculate the remainder when p is divided by (-4 + -4)/(3/(-6)).
12
Let y(d) = -3*d + 3*d + 2*d**2 - d - d**3 - 2 + 6*d. Calculate the remainder when 12 - (0/(-2) - -3) is divided by y(3).
1
Let z = -408 - -424. Let d = 51 - -10. Let p = d - z. What is the remainder when p is divided by 24?
21
Let s = 1335 - 1327. Calculate the remainder when 661 is divided by s.
5
Suppose 12*p - 14*p + 20 = 0. Calculate the remainder when 66 is divided by p.
6
Suppose -5*o + 6 = 1. Suppose -14 - o = -3*v. Calculate the remainder when v is divided by (-1 - 3)/(1/(-1)).
1
Suppose -7*s + 9*s - 56 = 0. Suppose -126 = -5*y + m - 2*m, -5*y + m + 134 = 0. Calculate the remainder when y is divided by (5/(-10))/((-2)/s).
5
Let o = -27110 + 27135. Let c = -161 + 229. What is the remainder when c is divided by o?
18
Suppose 3*j + 61 = 160. Let q be (-114)/(-27) + (-6)/27. Let r = 16 - q. What is the remainder when j is divided by r?
9
Let n = 19 + -17. Suppose n*s = 5*z + s - 25, -10 = -2*z - 4*s. Suppose 6*r = z*r + 73. What is the remainder when r is divided by 19?
16
What is the remainder when (-4)/((-56)/(-42)*(-3)/194) is divided by 39?
38
Let p(d) = d**3 - 3*d**2 - 15*d - 14. What is the remainder when 317 is divided by p(6)?
1
Let y = 27 - 14. Let j(p) = -26*p - 628. What is the remainder when j(-26) is divided by y?
9
What is the remainder when 182 is divided by 75 - 59 - (-1)/(2/2)?
12
Suppose -3*s + 157 = 5*c, -2*s = c + c - 62. Calculate the remainder when c is divided by (-468)/312 + (-27)/(-2).
8
Let t = -846 + 911. Calculate the remainder when 335 is divided by t.
10
Suppose 3*s + 3*u - 3 = 0, -2*s - 3*u = -s - 1. What is the remainder when s*(-12)/(-3) - 1 is divided by 1?
0
Calculate the remainder when 555 is divided by ((-12)/(-33))/(-2) + (-7104)/(-352).
15
Suppose -36*h = -33*h + c - 97, -h + 5*c + 27 = 0. Calculate the remainder when h is divided by 25.
7
Suppose 3*i + 4 = v, -3*v + 5*i = -9 + 1. Calculate the remainder when 39 is divided by 4/v - (-11 - 10/(-2)).
9
Let u(x) = x**3 + 5*x**2 + 2*x - 2. Let z be u(-4). Suppose -z*r + 5*r + 30 = 0. Calculate the remainder when 58 is divided by r.
28
What is the remainder when 84 is divided by (8 + -6)*459/18?
33
Suppose -4*s + 3*g + 96 = 0, 6*s - 155 = s - 5*g. Let v be (-186)/8 + 67/268. Let y = s + v. What is the remainder when 7 is divided by y?
3
Let v be (2 - 14)*1/(-2). Let z(l) = 5*l + 5. Let k(y) = 6*y + 6. Let f(n) = 6*k(n) - 7*z(n). Calculate the remainder when f(v) is divided by 3.
1
Let z(f) = -f**2 + 10*f - 11. Let i = -63 + 38. Let o = -18 - i. What is the remainder when 29 is divided by z(o)?
9
Let u(r) = 2*r**3 + r**2 + r + 2. Let x(v) = 4*v**3 + v**2 + 2*v + 5. Let k(s) = -5*u(s) + 2*x(s). Calculate the remainder when 29 is divided by k(-2).
5
Let f(v) = -645*v**2 - 4*v - 4. Let o be f(-1). Calculate the remainder when o/(-15)*2/2 is divided by 23.
20
Let t be 39/15 + (-15)/25. Let c be -5 + (t - 2 - 0). Calculate the remainder when (-32)/5*c/2 is divided by 9.
7
Let t = 15 - 3. Suppose -31 - 89 = -15*q. What is the remainder when t is divided by q?
4
Calculate the remainder when 33 is divided by (7 + -6)/((-5)/(-105)).
12
Let q(a) = a**3 - 11*a**2 + 11*a - 8. Let b = 43 + -21. Let z be b/55*(26 - 1). Calculate the remainder when 2 is divided by q(z).
0
Let f = 10 - 8. Suppose 0 = -4*u + r + 29, -4*r - r = 25. What is the remainder when u is divided by f?
0
Suppose -76 - 6 = -2*d + 5*s, -4*d - s = -164. Calculate the remainder when 58 is divided by d.
17
Suppose 54*v - 1860 = 34*v. What is the remainder when 459 is divided by v?
87
Let v(x) = 3*x**2 - 44*x + 26. Let k(d) = 2*d**2 - 29*d + 17. Let f(p) = 7*k(p) - 5*v(p). Let i = 28 + -15. Calculate the remainder when f(i) is divided by 11.
8
Suppose -3 = -3*b + 204. What is the remainder when b is divided by 6?
3
Let u(o) = -8*o - 13. Suppose 5*c = 3*l + c - 76, 4*c = -5*l + 148. What is the remainder when u(-12) is divided by l?
27
Let b(l) = -10*l - 2. Suppose 8*y - 3*y = -25. Let g be b(y). Suppose 4*d - 20 = g. What is the remainder when d is divided by 9?
8
Let k(u) = -u**2 + 37*u - 171. What is the remainder when 42 is divided by k(31)?
12
Suppose 100*o - 90 = 94*o. What is the remainder when 418 is divided by o?
13
Calculate the remainder when (15 - 10)*(-1 + 35 + -1) is divided by 42.
39
Suppose 272*k = 266*k + 228. What is the remainder when k is divided by 8?
6
Let g = 47 - 43. Suppose -23 = -g*j + 5*m, -5*j - m = -3*m - 50. What is the remainder when 57 is divided by j?
9
Let u(j) = 3*j + 4. Calculate the remainder when 66 is divided by u(10).
32
Suppose 0 = -6*s + 10 + 32. What is the remainder when -1 + 2 + -2 + 77 is divided by s?
6
Suppose 0 = 4*k - 4 - 152. Suppose 43 = 3*c - 2*c. Let t = 64 - c. What is the remainder when k is divided by t?
18
Suppose -a + 87 = 4*y, 0 = -2*y - a - a + 42. Calculate the remainder when y is divided by 4.
2
Suppose -3*x = -12, 4*x - 20 = 3*g - x. Suppose g = 2*h + 2*h - 20, -3*h = -5*d + 230. Calculate the remainder when d is divided by 5.
4
Suppose -20 = p + 3*p - 4*f, 0 = p - 4*f + 20. Suppose 38*i - 42*i + 796 = p. Calculate the remainder when i is divided by 50.
49
Let v = 38 - 50. What is the remainder when 39 is divided by (-1)/(v/16 - -1) + 17?
0
Suppose 0 = -4*l - 12, -5*a + 267 + 1116 = -6*l. What is the remainder when a is divided by 88?
9
Let u(v) = -v + 12. Let w(d) be the second derivative of d**4/12 - 3*d**3/2 - 2*d**2 - 2*d. Let h be w(9). What is the remainder when u(h) is divided